6)?
-1
What is -15 - -11 - (1 + 0 + 0)?
-5
-2 + 3 + (-6 - -4)
-1
What is the value of 3 + 7 + -12 - 1?
-3
What is the value of (2 - 10) + (-15 - (-5 + -9))?
-9
Calculate -1 - ((4 - 0) + 0 + -2).
-3
What is the value of 56 + -55 - ((0 - 1) + 2)?
0
What is the value of (7 - (1 + 1)) + (24 - 31)?
-2
Evaluate -18 + -10 + 19 + 2.
-7
-4 - (4 - (10 - -2))
4
Calculate -3 - ((0 - 2) + -3).
2
Calculate 7 - (-2 - -3 - -5 - 2).
3
What is the value of 4 - (4 + -4) - 0?
4
Evaluate -2 - -6 - (-11 - (-6 + -10)).
-1
4 + (-5 - -5) + 3
7
(6 - 7) + -1 - (2 - -2)
-6
-4 - (1 - ((2 - 3) + 3))
-3
Evaluate -2 + -2 - (4 + -7).
-1
(7 + -5 - 9) + (2 - -1)
-4
Calculate -5 + 0 + (23 - 17).
1
What is the value of 1 - 3 - (-1 + -6)?
5
1 + -4 - (-2 + -6 + 4)
1
What is the value of 4 - -6 - (8 - (-8 + 8))?
2
What is the value of -3 - (-1 + -1 + 0) - 1?
-2
What is -3 + 10 + 1 + -7 + 0?
1
What is -4 - -4 - -1 - 4?
-3
What is the value of 2 + -5 + -6 - (-1 - 3)?
-5
What is the value of 3 - (3 - (3 + 1 + -3))?
1
Evaluate -9 - (-1 + (2 - 3) - 3).
-4
What is the value of 7 + 4 + -7 + (-6 - -2)?
0
(0 - 4) + 8 + -4 - 4
-4
Calculate -34 + 36 + -2 + 1.
1
Evaluate -6 + 0 + (-16 - -28).
6
Calculate (-3 + 8 - 4) + -3.
-2
Calculate (-15 - -2) + 5 - -12.
4
What is -36 - -33 - (4 - -1) - -4?
-4
Evaluate (0 - (-6 + 14 + -15)) + 0.
7
Calculate (1 - -3) + 2 + -5.
1
Evaluate -1 - -3 - (6 + (0 - 8)).
4
-4 + (-3 + 3 - -3) + -4
-5
0 - (-5 + (-1 - -3) + 0)
3
Evaluate -3 - (4 + -5 + 3 - 0).
-5
Evaluate 11 - (32 + -11) - (2 + -8).
-4
What is the value of 2 - 2 - (8 + -2 + -9)?
3
Calculate -10 + -11 + 21 - 8.
-8
Evaluate (1 - 2) + -7 + -1 + 4.
-5
Calculate 4 - (-2 + 4 - -1).
1
What is -3 + (5 - 7) + 10?
5
What is -1 + -2 + (2 - (5 + -3))?
-3
Calculate (1 - (-3 + 7)) + (-1 - 4).
-8
Evaluate 11 - 2 - 2 - (-202 - -212).
-3
Evaluate 3 + (2 - (-3 + 6)) - -6.
8
Evaluate 1 - (-9 + 11) - (0 - 3).
2
Calculate 9 + (-1 - 6 - 7).
-5
Evaluate (7 - 0) + (5 - 8).
4
Evaluate 5 + -1 + (6 + -4 - 2).
4
Calculate -8 + 6 + (8 - 7) + -3.
-4
Calculate (0 - (1 + -3)) + (-2 - 4).
-4
Evaluate 0 - (11 - 7 - 9 - -6).
-1
What is 5 - (-1 - 1) - 2?
5
What is the value of -4 - (-4 - (-2 - 3))?
-5
(9 - (-2 - (-14 + 6))) + -3
0
Calculate -4 + 5 + -2 + -4.
-5
Evaluate 2 - (0 - -1) - -4.
5
Calculate -2 - (6 + -6 + 3) - -1.
-4
What is the value of 6 + 7 + -15 - (-2 - -1)?
-1
11 + -8 + 2 + (4 - 2)
7
Calculate 1 + 1 - -3 - (-3 - -6).
2
What is -2 + (7 - (-3 + 7 + 7))?
-6
What is the value of (9 - (-2 - -9)) + 4?
6
Evaluate 1 + (2 - 0) - (-1 - -2).
2
What is the value of -7 + 2 + -4 + 8 + -9?
-10
-4 + 9 + -16 + 7
-4
What is -11 + -7 + 13 + 4?
-1
Calculate 2 + -2 + -4 - (0 - 5).
1
Calculate 228 - 219 - (-1 + 1).
9
What is 10 + (-6 - 1) + (2 - 0)?
5
What is 2 + 4 - (19 + 3 - 15)?
-1
-2 - -5 - (-5 + 2 - -8)
-2
What is the value of (3 - (6 + -8)) + -3?
2
Evaluate (5 - -5 - -7) + -8.
9
-14 + (3 - 0) + (31 - 30)
-10
Calculate -2 - -1 - (6 - (11 + -4)).
0
What is 2 - (-1 + 0 + 14 + -11)?
0
Calculate 4 + 2 + -8 + 2 + -4.
-4
What is the value of (0 - 3) + 2 - -2?
1
Calculate 9 + -6 + 0 + -2.
1
Evaluate -7 - ((2 - -1) + -11).
1
What is the value of 1 + 2 - -3 - (-4 - -5)?
5
What is the value of (1 - 5) + (-16 - -23) - 2?
1
-1 - -1 - 5 - (-142 + 145)
-8
What is 3 - 8 - (9 - 22)?
8
Evaluate -3 - (7 + -13 + 8).
-5
What is (3 - 3) + -1 + (-1 - -3)?
1
What is -8 - (-5 - (-4 + 8))?
1
Calculate (-3 - (1 + -8 - -3)) + -12.
-11
-18 + 6 + (17 - 7) + -8
-10
-2 - -7 - (-1 + 4 - 2)
4
13 + (-7 - (1 + (1 - 2)))
6
What is the value of -2 - (4 + -1 - 2 - 2)?
-1
Evaluate -8 - 0 - -5 - -2.
-1
-5 + 7 + -3 + -6 + 2
-5
Calculate -5 - -8 - (-1 + 3).
1
3 + (-2 + 5 - 4 - -2)
4
9 + -2 + -2 - 5 - -3
3
Evaluate 29 + -23 - (-1 - -6).
1
-6 - ((-1 - -2) + 2 + -4)
-5
What is the value of 8 + -7 + 13 + 7 + -15?
6
What is the value of 1 + (-2 - -4 - 7)?
-4
-1 + (2 - -2) + 2
5
What is the value of (3 + (-9 - -1) - 2) + 15?
8
-4 - -2 - 0 - (0 - 7)
5
(1 - (0 + 4 + -3)) + -2
-2
What is the value of 6 + (8 - -1 - 12)?
3
What is the value of (-1 - (-3 + 3)) + -2 + 11?
8
-1 + 3 - (6 - (-1 + 9))
4
Calculate -6 - (-9 + (-3 - -7) + 2).
-3
Evaluate -6 - (6 - (6 - -1)).
-5
What is (1 - -4) + (-7 - -2)?
0
-4 + (-2 + 2 - (1 + -11))
6
What is 8 - 6 - (-1 + 5)?
-2
What is the value of 4 + (-2 - 6 - -2 - 0)?
-2
7 + (-5 - 2 - 0)
0
Calculate -2 - (-2 - 0 - (5 + -5)).
0
What is -4 + 7 - (2 + 1)?
0
-2 - (6 - (-6 + 11))
-3
Calculate (0 - (4 + -11 - -3)) + -3.
1
-4 + (0 - -2 - 1) + -2
-5
Calculate (-13 - -7) + 12 - 10 - -2.
-2
-3 - (-2 + 6 - 8)
1
(1 - -4) + (-2 - -1)
4
What is the value of -3 + -4 + 1 + 5?
-1
What is the value of 3 - (2 + -2) - -1 - 0?
4
What is -2 - (0 + (-6 - -2))?
2
Calculate 4 + 0 + 0 - (-3 - -11).
-4
(-11 - -2) + 6 + -2
-5
3 + -2 + (1 - (0 - 3))
5
Evaluate 0 + 2 + 3 - (3 - 2).
4
What is 5 - 2 - (14 + (3 - 10))?
-4
5 + 0 + -3 + (-5 - 0)
-3
-4 + (4 - 1) + 3 + -6
-4
(1 - -4) + (5 - 10)
0
What is 7 + (8 - 6) + -10?
-1
What is 2 - -16 - (89 - 79)?
8
What is the value of -4 + 3 - (5 - 5)?
-1
Calculate 3 - 7 - (1 - 2).
-3
Calculate 12 - (-2 + (4 - -3)).
7
What is -18 + 6 + -2 + 3 + 7?
-4
-4 - (-8 + 2) - 7
-5
-2 + 9 + 1 + -1
7
Calculate (-3 - -1 - -1) + 0.
-1
(2 - 5) + 4 + -4 + 3
0
What is (-6 - (8 + -9 - 4)) + -1?
-2
(-5 - (1 + 1 + 1)) + 1
-7
Evaluate -1 + 6 + -24 + 18 + 2.
1
Calculate -15 + 6 + 4 + 9.
4
-1 + (2 - (0 - -5) - -8)
4
Evaluate -4 + (-2 - (2 + -6 + 6)).
-8
Evaluate -9 + 6 - -6 - (5 - -1).
-3
Evaluate 1 + -19 + 16 + -1 + 0.
-3
Calculate -4 + 7 + -5 + 2.
0
What is the value of -5 + (-10 - (-12 + 6)) + 17?
8
Calculate -1 - (2 + (-1 - 1) - 6).
5
Evaluate (6 + 1 - 2) + (-1 - -1).
5
Calculate 3 + (6 - 18 - -7) + 0.
-2
What is the value of 2 - (3 + -5 + 5)?
-1
Calculate (8 - 4) + 1 - (-1 + 1).
5
Evaluate 0 - 3 - (-8 - -1).
4
-2 + 6 + (22 - 27)
-1
Calculate (-1 - 1) + (45 - 48).
-5
What is (1 - -1 - (0 + 3)) + 0?
-1
Evaluate (-9 + 2 - (-9 + 3)) + 0.
-1
What is the value of -7 - (-8 - 2 - (-4 + -2))?
-3
What is the value of 6 - (1 + 5 - 5)?
5
What is the value of 1 + 0 + (-4 + 7 - 5)?
-1
(0 - -1) + (7 - -3 - 7)
4
Evaluate -1 + (2 - 4) - (-2 + 3).
-4
What is the value of (-11 - -7 - -4) + 4?
4
What is -2 - ((-3 - 7) + 6)?
2
What is -6 + (1 - (5 + -5))?
-5
Calculate -11 - -5 - (-3 - 1).
-2
What is 4 + 0 + 1 + -1?
4
What is -3 - 0 - (-6 + 1)?
2
What is 13 + -6 + -3 + -1?
3
Evaluate -29 + 30 - (1 + -4).
4
Calculate -3 - -2 - (-1 + -3 + 6).
-3
Calculate 22 + -21 - (6 - 1 - -1).
-5
What is (-4 + 0 - (-10 - -6)) + -4?
-4
What is the value of -1 + -29 + 28 + (6 - 1)?
3
What is (-5 - -3) + 2 + 2?
2
Calculate 47 + -42 + (-3 - (-1 + 1)).
2
Calculate 6 + 1 - (3 + -4).
8
Evaluate (-3 - 0) + 24 + -26.
-5
Evaluate -4 + (0 - (5 + -10)).
1
Evaluate -7 - (-4 - -7 - 7).
-3
What is the value of 4 + 2 + -85 + 90?
11
Calculate -10 + (34 - 12) - 6.
6
8 + (-4 + 1 - -2)
7
What is -10 - -10 - (4 - (-1 + 4))?
-1
What is 10 - -1 - 5 - (2 + 4)?
0
What is -8 + 7 + (1 - 1)?
-1
Evaluate 8 + -1 + 49 + -55 + 0.
1
What is (-4 - (0 - (-1 - -3))) + 0?
-2
What is 3 - -1 - (-2 + 6 - 5)?
5
Calculate 5 + 1 - (21 - (3 + 7)).
-5
Calculate -4 + (-20 - -24) + (0 - -1).
1
Evaluate -10 - ((0 - 1) + -1) - -3.
-5
What is the value of 0 + 1 + (2 - 1) + -6?
-4
Calculate 9 + -8 - 10 - -11.
2
What is the value of (-1 - -15) + -7 - 12?
-5
What is -9 - -15 - (8 - -3)?
-5
What is the value of 2 + -7 + 3 + -4?
-6
What is the value of -7 - (1 + 5 + -10)?
-3
What is the value of (-18 - -3) + -7 + 9 + 6?
-7
What is 2 + 0 - 2 - 1?
-1
What is the value of 4 - (10 - -4 - 5)?
-5
Evaluate (3 - (4 - -3)) + 0.
-4
What is (5 - 7 - -6) + -3?
1
What is the value of 2 + -1 + 4 + -6?
-1
Calculate 4 + -1 - (-4 + 9 + -2).
0
Calculate -9 + 15 - (22 - 9).
-7
0 - (4 - (6 + 0))
2
What is -2 + 0 - (-5 + -2)?
5
-11 + 1 + -34 + 41
-3
What is the value of (-2 - -4 - -4) + -4?
2
What is (-3 - -3) + 1 + (6 - 9)?
-2
Calculate 4 + (-4 - -1) + -2.
-1
Evaluate (0 - -4) + (10 - (-2 + 21)).
-5
What is 0 + (0 - -6) + -10?
-4
Evaluate (7 + -10 - -12) + -3 + 0.
6
What is the value of -1 - (-1 + -2) - (2 - -1)?
-1
What is -3 + (-1 - -8 - (-4 - -15))?
-7
1 - 0 - (-7 + 0 + 7)
1
Evaluate 6 + -6 + 11 + 0 + -7.
4
Evaluate -4 - (8 + -17) - (2 + -3).
6
Calculate -9 + 5 + (6 - 2).
0
What is the value of (-1 + -2 - (-10 - -9)) + 2?
0
-7 + 1 + (25 - 24)
-5
What is the value of (2 - (-3 -